{"id":510,"date":"2024-11-12T21:52:50","date_gmt":"2024-11-12T18:52:50","guid":{"rendered":"https:\/\/muratpasabeyazesyaservisi.com\/?page_id=510"},"modified":"2026-01-03T09:46:56","modified_gmt":"2026-01-03T06:46:56","slug":"camasir-makinesi-servisi","status":"publish","type":"page","link":"https:\/\/muratpasabeyazesyaservisi.com\/index.php\/muratpasa-beyaz-esya-servisi\/camasir-makinesi-servisi\/","title":{"rendered":"\u00c7ama\u015f\u0131r Makinesi Servisi"},"content":{"rendered":"\n<figure class=\"wp-block-image size-large\"><img loading=\"lazy\" decoding=\"async\" width=\"1024\" height=\"341\" src=\"https:\/\/muratpasabeyazesyaservisi.com\/wp-content\/uploads\/2024\/11\/Muratpasa-Camasir-Makinesi-Servisi-05532047453-4-1024x341.png\" alt=\"\u00c7ama\u015f\u0131r Makinesi Servisi olarak Muratpa\u015fa'da cihazlar\u0131n\u0131z\u0131n tamirinde uzman \u00e7\u00f6z\u00fcmler sunmaktay\u0131z. Muratpa\u015fa Beyaz E\u015fya Tamircisi olarak biliriz ki, evinizdeki temizlikte en iyi yard\u0131mc\u0131n\u0131z \u00e7ama\u015f\u0131r makinelerinizdir. Fakat \u00e7ama\u015f\u0131r makineleri de \u00e7ok kullan\u0131m sonucu y\u0131pran\u0131p bazen ar\u0131zalanmaktad\u0131r. Bu gibi durumlarda yap\u0131lmas\u0131 gereken basittir. Yani hemen Muratpa\u015fa \u00e7ama\u015f\u0131r makinesi tamircisi TEL:05532047453 numaras\u0131n\u0131 aramakt\u0131r. Veyahut Muratpa\u015fa \u00c7ama\u015f\u0131r makinesi tamiri yapan servis irtibat telefon 05532047453 numaras\u0131n\u0131 arayabilirsiniz. K\u0131sacas\u0131 Her t\u00fcrl\u00fc \u00e7ama\u015f\u0131r makinesi ar\u0131zas\u0131nda Muratpa\u015fa BORSA TEKN\u0130K tamire haz\u0131rd\u0131r. \n\n Acil durumlarda 30 dakikada Muratpa\u015fa \u00c7ama\u015f\u0131r Makinesi Servisi 05532047453 her zaman yan\u0131n\u0131zdad\u0131r. Ayr\u0131ca ar\u0131zan\u0131n temel sebebini belirleyip, kal\u0131c\u0131 \u00e7\u00f6z\u00fcmlerle cihaz\u0131n\u0131z\u0131 ilk g\u00fcnk\u00fc performans\u0131na getiririz. K\u0131sacas\u0131 Muratpa\u015fa'daki uzman ve en iyi \u00e7ama\u015f\u0131r makinesi tamircisi olarak her zaman yan\u0131n\u0131zday\u0131z. \u00c7ama\u015f\u0131r makinesindeki y\u0131kama, s\u0131kma sorunlar\u0131. Ard\u0131ndan elektriksel problemleri. Sonra \u00e7ok y\u00fcksek sesle, titreyerek \u00e7al\u0131\u015fmas\u0131. Hatta yere su s\u0131zd\u0131rma, drenaj, pompa t\u0131kanmas\u0131. Su \u0131s\u0131tmadaki problemler. Sigorta, \u015eartel att\u0131rmas\u0131. Kap\u0131s\u0131n\u0131n kilitli kalmas\u0131. Ana kart, kilit veya kap\u0131 ar\u0131zas\u0131. Kontrol panel tu\u015flar\u0131n\u0131n basmamas\u0131. Hata kodu verme. Buna benzer \u00e7ama\u015f\u0131r makinesi ar\u0131zalar\u0131 sizi hi\u00e7 endi\u015felendirmesin. \u00c7\u00fcnk\u00fc yap\u0131lmas\u0131 gereken tek \u015fey Muratpa\u015fa \u00c7ama\u015f\u0131r Makinesi Servisi 05532047453 telefon numaras\u0131n\u0131 aramakt\u0131r. \n\n E\u011fer \u00e7ama\u015f\u0131r makineniz pazar g\u00fcnleri ar\u0131zalan\u0131rsa unutmay\u0131n ki haftan\u0131n her g\u00fcn\u00fc, 7\/24 Muratpa\u015fa'da kesintisiz hizmetinizdeyiz. Hatta Bayram, Resmi tatil g\u00fcnlerinde Antalya Muratpa\u015fa'da a\u00e7\u0131k \u00e7ama\u015f\u0131r makinesi tamiri yapan servisler i\u00e7indeyiz. M\u00fc\u015fteri Memnuniyeti Muratpa\u015fa Beyaz E\u015fya Servisi i\u00e7in en y\u00fcksek \u00f6nceli\u011fe sahiptir. \u00c7\u00fcnk\u00fc tecr\u00fcbelerimize dayanarak m\u00fc\u015fteri memnuniyeti odakl\u0131 \u00e7al\u0131\u015fmaktay\u0131z. Ayr\u0131ca Muratpa\u015fa b\u00f6lgesinde \u00e7ama\u015f\u0131r makinesi i\u00e7in bir y\u0131l tamir garantisi vermekteyiz. Ek olarak Muratpa\u015fa Teknik orijinal yedek par\u00e7a kullan\u0131lmaktad\u0131r. \n\nMuratpa\u015fa Beyaz E\u015fya Servisi 0553 204 74 53 her marka \u00e7ama\u015f\u0131r makinesi tamiri yapmaktad\u0131r. K\u0131sacas\u0131 tamirini yapt\u0131\u011f\u0131m\u0131z en pop\u00fcler markalara Ar\u00e7elik, Beko, Bosch, Siemens, Profilo \u00f6rnek verilebiliriz. Ayr\u0131ca Muratpa\u015fa'da LG, Vestel, Samsung, Seg, Altus, Hoover, Ariston Hotpoint, \u0130ndesit \u00e7ama\u015f\u0131r makineleri tamirini yapt\u0131\u011f\u0131m\u0131z markalar aras\u0131ndad\u0131r. Muratpa\u015fa: Bah\u00e7elievler, \u00c7ar\u015f\u0131, Eskisanayi, Fener, Gen\u00e7lik, K\u0131z\u0131ltoprak, Lara, Meltem, Meydankava\u011f\u0131 \u00c7ama\u015f\u0131r Makinesi Servisi 05532047453 olarak hizmet b\u00f6lgelerimizdir.\" class=\"wp-image-516\" srcset=\"https:\/\/muratpasabeyazesyaservisi.com\/wp-content\/uploads\/2024\/11\/Muratpasa-Camasir-Makinesi-Servisi-05532047453-4-1024x341.png 1024w, https:\/\/muratpasabeyazesyaservisi.com\/wp-content\/uploads\/2024\/11\/Muratpasa-Camasir-Makinesi-Servisi-05532047453-4-300x100.png 300w, https:\/\/muratpasabeyazesyaservisi.com\/wp-content\/uploads\/2024\/11\/Muratpasa-Camasir-Makinesi-Servisi-05532047453-4-768x256.png 768w, https:\/\/muratpasabeyazesyaservisi.com\/wp-content\/uploads\/2024\/11\/Muratpasa-Camasir-Makinesi-Servisi-05532047453-4.png 1500w\" sizes=\"auto, (max-width: 1024px) 100vw, 1024px\" \/><\/figure>\n\n\n\n<h2 class=\"wp-block-heading\"><a href=\"https:\/\/muratpasabeyazesyaservisi.com\/\">Muratpa\u015fa \u00c7ama\u015f\u0131r Makinesi Tamircisi <\/a><\/h2>\n\n\n\n<p>Muratpa\u015fa \u00c7ama\u015f\u0131r Makinesi Tamircisi 05532047453 olarak en iyi servisi sa\u011fl\u0131yoruz. <\/p>\n\n\n\n<h2 class=\"wp-block-heading\"><a href=\"https:\/\/antalyabeyazesyateknikservis07.com\/muratpasa-beyaz-esya-servis-tel05532047453\/\"><strong>\u00c7ama\u015f\u0131r Makinesi Tamirinde Uzman \u00c7\u00f6z\u00fcmler:<\/strong><\/a><\/h2>\n\n\n\n<p>Hayat standard\u0131m\u0131z\u0131 y\u00fckselten \u00e7ama\u015f\u0131r makinesi tamiri i\u00e7in Muratpa\u015fa Beyaz E\u015fya Teknik Servis uzman \u00e7\u00f6z\u00fcmler sunar. Ya\u015fam\u0131m\u0131z\u0131n vazge\u00e7ilmeleri aras\u0131na giren dayan\u0131kl\u0131 ev aletleri devaml\u0131 kullan\u0131m ve bu s\u00fcre\u00e7te olu\u015fan a\u015f\u0131nmalarla ar\u0131zalanabilir. O halde yap\u0131lmas\u0131 gereken kaliteli ve h\u0131zl\u0131 Muratpa\u015fa Beyaz E\u015fya Teknik Servisi ile irtibata ge\u00e7mektir. \u00c7\u00fcnk\u00fc sizin i\u00e7in Muratpa\u015fa&#8217;da \u00e7ama\u015f\u0131r makinesi tamir, bak\u0131m, onar\u0131m ve montaj\u0131 i\u00e7in kaliteli \u00e7\u00f6z\u00fcmler sunuyoruz.<\/p>\n\n\n\n<p><strong>Uzman ve Kaliteli \u00c7ama\u015f\u0131r Makinesi Tamiri<\/strong>;<\/p>\n\n\n\n<p>Elbiselerde koku yap\u0131yor, g\u00fczel s\u0131km\u0131yor. Ard\u0131ndan Sesli \u00e7al\u0131\u015f\u0131yor, yere su s\u0131zd\u0131r\u0131yor. Hatta hi\u00e7 g\u00fczel y\u0131kam\u0131yor, \u00e7ama\u015f\u0131rlar\u0131 y\u0131rt\u0131yor olabilir. Art\u0131k endi\u015fe etmenize gerek yok. \u00c7\u00fcnk\u00fc Muratpa\u015fa Beyaz E\u015fya Servisi TEL:05532047453 numaras\u0131n\u0131 \u00e7ama\u015f\u0131r makinesi tamiri i\u00e7in araman\u0131z yeterlidir. Hemen geliyoruz. Sonra \u00c7ama\u015f\u0131r makinenizin ar\u0131zalar\u0131n\u0131 belirleyip cihaz\u0131n\u0131z\u0131 tamir ederek tekrar eski performans\u0131na ula\u015ft\u0131r\u0131yoruz.<\/p>\n\n\n\n<p><strong><a href=\"https:\/\/www.facebook.com\/antalyamurtpasabeyazesyatamircisi\/\">Muratpa\u015fa\u2019da Her Zaman Yan\u0131n\u0131zdaki Tamir Servisi:<\/a>&nbsp;7\/24 Kesintisiz Servis<\/strong>,<\/p>\n\n\n\n<p>\u00c7ama\u015f\u0131r makinenizin tamiri i\u00e7in Bayram, Resmi Tatil ve Pazar g\u00fcn\u00fc Muratpa\u015fa&#8217;da a\u00e7\u0131k tamirci olarak yan\u0131n\u0131zdad\u0131r. K\u0131sacas\u0131 Muratpa\u015fa 05532047453, \u00c7ama\u015f\u0131r Makinesi Tamir Servisi her g\u00fcn kesintisiz hizmet vermektedir. \u00d6zetle Uzman teknisyen kadromuzla \u00e7ama\u015f\u0131r makinesi ar\u0131zalar\u0131n\u0131 30 dakikada h\u0131zla gelerek problemlerini hemen \u00e7\u00f6z\u00fcyoruz.<\/p>\n\n\n\n<h3 class=\"wp-block-heading\"><strong><a href=\"https:\/\/antalyabeyazesyateknikservis07.com\/bahcelievler-beyaz-esya-servisi-0553-204-74-53\/\">Uzman\u0131ndan Profesyonel \u00c7\u00f6z\u00fcmler<\/a><\/strong><\/h3>\n\n\n\n<p>\u0130lk \u00d6nce \u00e7ama\u015f\u0131r makinesi genel problemlerini \u00e7ok iyi biliyor. Sonra \u00e7ama\u015f\u0131r makineleri i\u00e7in en m\u00fckemmel ve kaliteli \u00e7\u00f6z\u00fcmler sunuyoruz:<\/p>\n\n\n\n<ul class=\"wp-block-list\">\n<li>Y\u0131kama, s\u0131kma ve kurutma ar\u0131zalar\u0131,<\/li>\n\n\n\n<li>Elektriksel ba\u011flant\u0131 sorunlar\u0131<\/li>\n\n\n\n<li>Y\u00fcksek ses, a\u015f\u0131r\u0131 sars\u0131nt\u0131 problemi<\/li>\n\n\n\n<li>A\u015f\u0131r\u0131 titreme, amortis\u00f6r ar\u0131zas\u0131<\/li>\n\n\n\n<li>\u0130\u00e7inde Su kalma veya bo\u015faltamama sorunlar\u0131 <\/li>\n\n\n\n<li>Su ak\u0131tma veya drenaj problemleri<\/li>\n\n\n\n<li>Su \u0131s\u0131tma, rezistans ar\u0131zas\u0131<\/li>\n\n\n\n<li>Kap\u0131 kolu, damak, kilit sorunlar\u0131<\/li>\n\n\n\n<li>Hata kodu ve kontrol paneli ar\u0131zas\u0131<\/li>\n\n\n\n<li>Program hatalar\u0131, Sigorta veya \u015eartel atmas\u0131<\/li>\n\n\n\n<li>T\u0131kal\u0131 pompa, su tahliye problemi<\/li>\n<\/ul>\n\n\n\n<p>Daha bir\u00e7ok ar\u0131zan\u0131n profesyonel \u00e7\u00f6z\u00fcmleri i\u00e7in Muratpa\u015fa \u00c7ama\u015f\u0131r Makinesi Tamir Servisi TEL:05532047453 ile irtibata ge\u00e7ebilirsiniz.<\/p>\n\n\n\n<p><strong>Muratpa\u015fa Beyaz E\u015fya Servisi \u0130\u00e7in \u00d6ncelik M\u00fc\u015fteri Memnuniyeti<\/strong><\/p>\n\n\n\n<p>Y\u0131llarca elde etti\u011fimiz tecr\u00fcbemiz m\u00fc\u015fteri memnuniyetini \u00f6ncelikli hedefimiz haline getirmi\u015ftir. T\u00fcm amac\u0131m\u0131z, kaliteli tamir hizmetiyle Muratpa\u015fa\u2019da en kaliteli servis olmakt\u0131r.<\/p>\n\n\n\n<p><strong><a href=\"https:\/\/antalyabeyazesyateknikservis07.com\/muratpasa-antalya-beyaz-esya-teknik-servis-irtibat-telefon-numaralari-905532047453\/\">En ekonomik Fiyat ve 1 Y\u0131l Yedek Par\u00e7a Garantisi<\/a><\/strong><\/p>\n\n\n\n<p>Her \u015feyden \u00f6nce amac\u0131m\u0131z en uygun fiyata en kaliteli tamir. Ard\u0131ndan uygun servis \u00fccreti. Sonra Antalya\u2019daki en yak\u0131n tamirci servisi. Nihayet en ucuz fiyatlar ile kaliteli tamiri sa\u011flamakt\u0131r. Neticede garantili orijinal yedek par\u00e7a ve uzmanl\u0131kla, en h\u0131zl\u0131 gelen tamir \u00e7\u00f6z\u00fcm\u00fc ihtiyaca g\u00f6re \u015fekilleniyor.<\/p>\n\n\n\n<p>K\u0131sacas\u0131 ar\u0131zal\u0131 \u00e7ama\u015f\u0131r makinesi tamiri i\u00e7in&nbsp;<strong>0553 204 74 53<\/strong>&nbsp;numaral\u0131 telefondan her zaman arayabilirsiniz. B\u00f6ylece acil durumlarda en h\u0131zl\u0131 ve kaliteli servis hizmetimizden faydalanabilirsiniz. Sonu\u00e7 olarak Antalya Muratpa\u015fa Beyaz E\u015fya Teknik Servisi 0553 204 74 53 ile her zaman en yak\u0131n\u0131n\u0131zda!<\/p>\n\n\n\n<h3 class=\"wp-block-heading\"><strong>Muratpa\u015fa Beyaz E\u015fya Teknik Servisi 05532047453:&nbsp;\u00c7ama\u015f\u0131r Makineniz i\u00e7in Uzman Tamirci<\/strong><\/h3>\n\n\n\n<p>T\u00fcm marka \u00e7ama\u015f\u0131r makinesi i\u00e7in uzman tamir, bak\u0131m ve onar\u0131m hizmeti vermekteyiz. Hatta tamirini yapt\u0131\u011f\u0131m\u0131z pop\u00fcler markalardan baz\u0131lar\u0131:<\/p>\n\n\n\n<ul class=\"wp-block-list\">\n<li>Vestel<\/li>\n\n\n\n<li>AEG<\/li>\n\n\n\n<li>LG<\/li>\n\n\n\n<li>Bosch<\/li>\n\n\n\n<li>Ariston Hotpoint<\/li>\n\n\n\n<li>\u0130ndesit<\/li>\n\n\n\n<li>Beko<\/li>\n\n\n\n<li>Ar\u00e7elik<\/li>\n\n\n\n<li>Hoover<\/li>\n\n\n\n<li>Profilo<\/li>\n\n\n\n<li>Seg<\/li>\n\n\n\n<li>Altus<\/li>\n\n\n\n<li>Siemens<\/li>\n\n\n\n<li>Samsung<\/li>\n<\/ul>\n\n\n\n<h3 class=\"wp-block-heading\"><strong>Muratpa\u015fa Hizmet B\u00f6lgelerimiz<\/strong><\/h3>\n\n\n\n<p>Muratpa\u015fa b\u00f6lgesinin her bir semt ve mahallesine \u00e7ama\u015f\u0131r makinesi servisi TEL:05532047453 ile hizmetimiz ula\u015fmaktad\u0131r. K\u0131saca hizmet verdi\u011fimiz b\u00f6lgeler:<\/p>\n\n\n\n<p>Bah\u00e7elievler<\/p>\n\n\n\n<p>Fener<\/p>\n\n\n\n<p>Gen\u00e7lik<\/p>\n\n\n\n<p>Muratpa\u015fa\/\u00c7ar\u015f\u0131<\/p>\n\n\n\n<p>K\u0131z\u0131ltoprak<\/p>\n\n\n\n<p>Lara<\/p>\n\n\n\n<p>Muratpa\u015fa\/Eskisanayi<\/p>\n\n\n\n<p>Meltem<\/p>\n\n\n\n<p>Meydankava\u011f\u0131<\/p>\n\n\n\n<p>\u00c7ama\u015f\u0131r Makinesi Servisi 05532047453 BORSA TEKN\u0130K MURATPA\u015eA Beyaz E\u015fya Tamircisi olarak sizin i\u00e7in buraday\u0131z.<\/p>\n","protected":false},"excerpt":{"rendered":"<p>Muratpa\u015fa \u00c7ama\u015f\u0131r Makinesi Tamircisi Muratpa\u015fa \u00c7ama\u015f\u0131r Makinesi Tamircisi 05532047453 olarak en iyi servisi sa\u011fl\u0131yoruz. \u00c7ama\u015f\u0131r Makinesi Tamirinde Uzman \u00c7\u00f6z\u00fcmler: Hayat standard\u0131m\u0131z\u0131 y\u00fckselten \u00e7ama\u015f\u0131r makinesi tamiri i\u00e7in Muratpa\u015fa Beyaz E\u015fya Teknik Servis uzman \u00e7\u00f6z\u00fcmler sunar. Ya\u015fam\u0131m\u0131z\u0131n vazge\u00e7ilmeleri aras\u0131na giren dayan\u0131kl\u0131 ev aletleri devaml\u0131 kullan\u0131m ve bu s\u00fcre\u00e7te olu\u015fan a\u015f\u0131nmalarla ar\u0131zalanabilir. O halde yap\u0131lmas\u0131 gereken kaliteli ve [&hellip;]<\/p>\n","protected":false},"author":1,"featured_media":516,"parent":136,"menu_order":1,"comment_status":"closed","ping_status":"closed","template":"","meta":{"om_disable_all_campaigns":false,"_monsterinsights_skip_tracking":false,"_monsterinsights_sitenote_active":false,"_monsterinsights_sitenote_note":"","_monsterinsights_sitenote_category":0,"site-sidebar-layout":"default","site-content-layout":"","ast-site-content-layout":"default","site-content-style":"default","site-sidebar-style":"default","ast-global-header-display":"","ast-banner-title-visibility":"","ast-main-header-display":"","ast-hfb-above-header-display":"","ast-hfb-below-header-display":"","ast-hfb-mobile-header-display":"","site-post-title":"","ast-breadcrumbs-content":"","ast-featured-img":"","footer-sml-layout":"","theme-transparent-header-meta":"","adv-header-id-meta":"","stick-header-meta":"","header-above-stick-meta":"","header-main-stick-meta":"","header-below-stick-meta":"","astra-migrate-meta-layouts":"default","ast-page-background-enabled":"default","ast-page-background-meta":{"desktop":{"background-color":"var(--ast-global-color-4)","background-image":"","background-repeat":"repeat","background-position":"center center","background-size":"auto","background-attachment":"scroll","background-type":"","background-media":"","overlay-type":"","overlay-color":"","overlay-opacity":"","overlay-gradient":""},"tablet":{"background-color":"","background-image":"","background-repeat":"repeat","background-position":"center center","background-size":"auto","background-attachment":"scroll","background-type":"","background-media":"","overlay-type":"","overlay-color":"","overlay-opacity":"","overlay-gradient":""},"mobile":{"background-color":"","background-image":"","background-repeat":"repeat","background-position":"center center","background-size":"auto","background-attachment":"scroll","background-type":"","background-media":"","overlay-type":"","overlay-color":"","overlay-opacity":"","overlay-gradient":""}},"ast-content-background-meta":{"desktop":{"background-color":"var(--ast-global-color-5)","background-image":"","background-repeat":"repeat","background-position":"center center","background-size":"auto","background-attachment":"scroll","background-type":"","background-media":"","overlay-type":"","overlay-color":"","overlay-opacity":"","overlay-gradient":""},"tablet":{"background-color":"var(--ast-global-color-5)","background-image":"","background-repeat":"repeat","background-position":"center center","background-size":"auto","background-attachment":"scroll","background-type":"","background-media":"","overlay-type":"","overlay-color":"","overlay-opacity":"","overlay-gradient":""},"mobile":{"background-color":"var(--ast-global-color-5)","background-image":"","background-repeat":"repeat","background-position":"center center","background-size":"auto","background-attachment":"scroll","background-type":"","background-media":"","overlay-type":"","overlay-color":"","overlay-opacity":"","overlay-gradient":""}},"footnotes":""},"class_list":["post-510","page","type-page","status-publish","has-post-thumbnail","hentry"],"aioseo_notices":[],"_links":{"self":[{"href":"https:\/\/muratpasabeyazesyaservisi.com\/index.php\/wp-json\/wp\/v2\/pages\/510","targetHints":{"allow":["GET"]}}],"collection":[{"href":"https:\/\/muratpasabeyazesyaservisi.com\/index.php\/wp-json\/wp\/v2\/pages"}],"about":[{"href":"https:\/\/muratpasabeyazesyaservisi.com\/index.php\/wp-json\/wp\/v2\/types\/page"}],"author":[{"embeddable":true,"href":"https:\/\/muratpasabeyazesyaservisi.com\/index.php\/wp-json\/wp\/v2\/users\/1"}],"replies":[{"embeddable":true,"href":"https:\/\/muratpasabeyazesyaservisi.com\/index.php\/wp-json\/wp\/v2\/comments?post=510"}],"version-history":[{"count":22,"href":"https:\/\/muratpasabeyazesyaservisi.com\/index.php\/wp-json\/wp\/v2\/pages\/510\/revisions"}],"predecessor-version":[{"id":575,"href":"https:\/\/muratpasabeyazesyaservisi.com\/index.php\/wp-json\/wp\/v2\/pages\/510\/revisions\/575"}],"up":[{"embeddable":true,"href":"https:\/\/muratpasabeyazesyaservisi.com\/index.php\/wp-json\/wp\/v2\/pages\/136"}],"wp:featuredmedia":[{"embeddable":true,"href":"https:\/\/muratpasabeyazesyaservisi.com\/index.php\/wp-json\/wp\/v2\/media\/516"}],"wp:attachment":[{"href":"https:\/\/muratpasabeyazesyaservisi.com\/index.php\/wp-json\/wp\/v2\/media?parent=510"}],"curies":[{"name":"wp","href":"https:\/\/api.w.org\/{rel}","templated":true}]}}